{"id":3,"date":"2026-03-31T07:10:02","date_gmt":"2026-03-31T07:10:02","guid":{"rendered":"https:\/\/compradordeoro.wpenginepowered.com\/?page_id=3"},"modified":"2026-04-14T09:17:05","modified_gmt":"2026-04-14T13:17:05","slug":"aviso-de-privacidad","status":"publish","type":"page","link":"https:\/\/compradordeoro.com\/?page_id=3","title":{"rendered":"Aviso de Privacidad"},"content":{"rendered":"\t\t<div data-elementor-type=\"wp-page\" data-elementor-id=\"3\" class=\"elementor elementor-3\" data-elementor-post-type=\"page\">\n\t\t\t\t<div class=\"elementor-element elementor-element-612e58d e-flex e-con-boxed e-con e-parent\" data-id=\"612e58d\" data-element_type=\"container\" data-e-type=\"container\" data-settings=\"{&quot;background_background&quot;:&quot;classic&quot;}\">\n\t\t\t\t\t<div class=\"e-con-inner\">\n\t\t<div class=\"elementor-element elementor-element-c5e7dd6 e-flex e-con-boxed e-con e-child\" data-id=\"c5e7dd6\" data-element_type=\"container\" data-e-type=\"container\" data-settings=\"{&quot;background_background&quot;:&quot;classic&quot;}\">\n\t\t\t\t\t<div class=\"e-con-inner\">\n\t\t<div class=\"elementor-element elementor-element-06067ec e-flex e-con-boxed e-con e-child\" data-id=\"06067ec\" data-element_type=\"container\" data-e-type=\"container\">\n\t\t\t\t\t<div class=\"e-con-inner\">\n\t\t<div class=\"elementor-element elementor-element-733223e e-con-full e-flex e-con e-child\" data-id=\"733223e\" data-element_type=\"container\" data-e-type=\"container\">\n\t\t\t\t<div class=\"elementor-element elementor-element-942e80b elementor-widget elementor-widget-text-editor\" data-id=\"942e80b\" data-element_type=\"widget\" data-e-type=\"widget\" data-widget_type=\"text-editor.default\">\n\t\t\t\t\t\t\t\t\t<p>Tu Comprador Confiable de Metales Preciosos y Joyer\u00eda<\/p>\t\t\t\t\t\t\t\t<\/div>\n\t\t\t\t<\/div>\n\t\t\t\t\t<\/div>\n\t\t\t\t<\/div>\n\t\t\t\t\t<\/div>\n\t\t\t\t<\/div>\n\t\t\t\t\t<\/div>\n\t\t\t\t<\/div>\n\t\t<div class=\"elementor-element elementor-element-9226b51 e-flex e-con-boxed e-con e-parent\" data-id=\"9226b51\" data-element_type=\"container\" data-e-type=\"container\">\n\t\t\t\t\t<div class=\"e-con-inner\">\n\t\t\t\t<div class=\"elementor-element elementor-element-4f6c903 elementor-widget elementor-widget-text-editor\" data-id=\"4f6c903\" data-element_type=\"widget\" data-e-type=\"widget\" data-widget_type=\"text-editor.default\">\n\t\t\t\t\t\t\t\t\t<h2 data-section-id=\"pkdd\" data-start=\"384\" data-end=\"419\"><span role=\"text\"><strong data-start=\"387\" data-end=\"419\">1. Identidad del Responsable<\/strong><\/span><\/h2><p data-start=\"421\" data-end=\"705\">En cumplimiento con la legislaci\u00f3n aplicable en materia de protecci\u00f3n de datos personales, <strong data-start=\"512\" data-end=\"532\">Comprador de Oro<\/strong> (en adelante \u201cel Responsable\u201d), con operaciones en Laredo, Texas; Nuevo Laredo, Tamaulipas; y Monterrey, Nuevo Le\u00f3n, es responsable del tratamiento de sus datos personales.<\/p><hr data-start=\"707\" data-end=\"710\" \/><h2 data-section-id=\"wppnzw\" data-start=\"712\" data-end=\"752\"><span role=\"text\"><strong data-start=\"715\" data-end=\"752\">2. Datos Personales que Recabamos<\/strong><\/span><\/h2><p data-start=\"754\" data-end=\"793\">Podemos recopilar los siguientes datos:<\/p><h3 data-section-id=\"fp966p\" data-start=\"795\" data-end=\"823\">Datos de identificaci\u00f3n:<\/h3><ul data-start=\"824\" data-end=\"879\"><li data-section-id=\"yihpma\" data-start=\"824\" data-end=\"843\">Nombre completo<\/li><li data-section-id=\"eg1das\" data-start=\"844\" data-end=\"856\">Tel\u00e9fono<\/li><li data-section-id=\"bhlbj3\" data-start=\"857\" data-end=\"879\">Correo electr\u00f3nico<\/li><\/ul><h3 data-section-id=\"1tfm0n3\" data-start=\"881\" data-end=\"903\">Datos de contacto:<\/h3><ul data-start=\"904\" data-end=\"969\"><li data-section-id=\"199254g\" data-start=\"904\" data-end=\"937\">Ciudad y ubicaci\u00f3n aproximada<\/li><li data-section-id=\"159ebrs\" data-start=\"938\" data-end=\"969\">Medio de contacto preferido<\/li><\/ul><h3 data-section-id=\"l2zjk5\" data-start=\"971\" data-end=\"1000\">Datos del bien a cotizar:<\/h3><ul data-start=\"1001\" data-end=\"1157\"><li data-section-id=\"1646vea\" data-start=\"1001\" data-end=\"1057\">Tipo de art\u00edculo (oro, plata, diamante, reloj, etc.)<\/li><li data-section-id=\"1dp769n\" data-start=\"1058\" data-end=\"1077\">Peso aproximado<\/li><li data-section-id=\"76jzo6\" data-start=\"1078\" data-end=\"1117\">Fotograf\u00edas enviadas por el usuario<\/li><li data-section-id=\"ighbpu\" data-start=\"1118\" data-end=\"1157\">Descripci\u00f3n del estado del art\u00edculo<\/li><\/ul><h3 data-section-id=\"k32qnv\" data-start=\"1159\" data-end=\"1211\">Datos financieros (solo en caso de transacci\u00f3n):<\/h3><ul data-start=\"1212\" data-end=\"1289\"><li data-section-id=\"1yg439h\" data-start=\"1212\" data-end=\"1289\">Informaci\u00f3n para realizar pagos (transferencias, cuentas bancarias, etc.)<\/li><\/ul><hr data-start=\"1291\" data-end=\"1294\" \/><h2 data-section-id=\"1nuzs75\" data-start=\"1296\" data-end=\"1333\"><span role=\"text\"><strong data-start=\"1299\" data-end=\"1333\">3. Finalidades del Tratamiento<\/strong><\/span><\/h2><h3 data-section-id=\"s05y4g\" data-start=\"1335\" data-end=\"1361\">Finalidades primarias:<\/h3><ul data-start=\"1362\" data-end=\"1551\"><li data-section-id=\"1i8cfo1\" data-start=\"1362\" data-end=\"1404\">Proporcionar cotizaciones de productos<\/li><li data-section-id=\"18uyzjn\" data-start=\"1405\" data-end=\"1450\">Evaluar art\u00edculos enviados por el usuario<\/li><li data-section-id=\"5au6kp\" data-start=\"1451\" data-end=\"1496\">Dar seguimiento a solicitudes de contacto<\/li><li data-section-id=\"dy6sha\" data-start=\"1497\" data-end=\"1532\">Concretar operaciones de compra<\/li><li data-section-id=\"zz7hgp\" data-start=\"1533\" data-end=\"1551\">Procesar pagos<\/li><\/ul><h3 data-section-id=\"1hdemgc\" data-start=\"1553\" data-end=\"1581\">Finalidades secundarias:<\/h3><ul data-start=\"1582\" data-end=\"1698\"><li data-section-id=\"cczlfa\" data-start=\"1582\" data-end=\"1630\">Env\u00edo de promociones y contenido informativo<\/li><li data-section-id=\"1ak6uel\" data-start=\"1631\" data-end=\"1663\">Mejora de nuestros servicios<\/li><li data-section-id=\"uh7mf2\" data-start=\"1664\" data-end=\"1698\">An\u00e1lisis interno y estad\u00edstico<\/li><\/ul><p data-start=\"1700\" data-end=\"1772\">Usted puede oponerse a las finalidades secundarias en cualquier momento.<\/p><hr data-start=\"1774\" data-end=\"1777\" \/><h2 data-section-id=\"3u4q4s\" data-start=\"1779\" data-end=\"1823\"><span role=\"text\"><strong data-start=\"1782\" data-end=\"1823\">4. Protecci\u00f3n y Uso de la Informaci\u00f3n<\/strong><\/span><\/h2><p data-start=\"1825\" data-end=\"1845\">Nos comprometemos a:<\/p><ul data-start=\"1846\" data-end=\"2067\"><li data-section-id=\"q8d2jo\" data-start=\"1846\" data-end=\"1929\">Proteger sus datos con medidas de seguridad administrativas, t\u00e9cnicas y f\u00edsicas<\/li><li data-section-id=\"1kegr5f\" data-start=\"1930\" data-end=\"2004\">No compartir su informaci\u00f3n sin consentimiento, salvo obligaci\u00f3n legal<\/li><li data-section-id=\"1vhr5nv\" data-start=\"2005\" data-end=\"2067\">Usar su informaci\u00f3n \u00fanicamente para los fines establecidos<\/li><\/ul><hr data-start=\"2069\" data-end=\"2072\" \/><h2 data-section-id=\"4m4gjd\" data-start=\"2074\" data-end=\"2106\"><span role=\"text\"><strong data-start=\"2077\" data-end=\"2106\">5. Transferencia de Datos<\/strong><\/span><\/h2><p data-start=\"2108\" data-end=\"2176\">Sus datos podr\u00e1n ser compartidos \u00fanicamente en los siguientes casos:<\/p><ul data-start=\"2177\" data-end=\"2342\"><li data-section-id=\"2ymem5\" data-start=\"2177\" data-end=\"2221\">Autoridades legales cuando sea requerido<\/li><li data-section-id=\"u5s4tb\" data-start=\"2222\" data-end=\"2271\">Instituciones financieras para procesar pagos<\/li><li data-section-id=\"zpfm3s\" data-start=\"2272\" data-end=\"2342\">Proveedores tecnol\u00f3gicos que apoyen en el funcionamiento del sitio<\/li><\/ul><p data-start=\"2344\" data-end=\"2397\">En todos los casos, se garantiza la confidencialidad.<\/p><hr data-start=\"2399\" data-end=\"2402\" \/><h2 data-section-id=\"smt4l9\" data-start=\"2404\" data-end=\"2476\"><span role=\"text\"><strong data-start=\"2407\" data-end=\"2476\">6. Derechos ARCO (Acceso, Rectificaci\u00f3n, Cancelaci\u00f3n y Oposici\u00f3n)<\/strong><\/span><\/h2><p data-start=\"2478\" data-end=\"2500\">Usted tiene derecho a:<\/p><ul data-start=\"2501\" data-end=\"2662\"><li data-section-id=\"1lp0z54\" data-start=\"2501\" data-end=\"2535\">Acceder a sus datos personales<\/li><li data-section-id=\"gc8nr3\" data-start=\"2536\" data-end=\"2586\">Solicitar correcci\u00f3n de informaci\u00f3n incorrecta<\/li><li data-section-id=\"1wyglck\" data-start=\"2587\" data-end=\"2628\">Solicitar la eliminaci\u00f3n de sus datos<\/li><li data-section-id=\"ro7nac\" data-start=\"2629\" data-end=\"2662\">Oponerse al uso de los mismos<\/li><\/ul><p data-start=\"2664\" data-end=\"2769\">Para ejercer estos derechos, puede contactarnos v\u00eda:<br \/>\ud83d\udce7 Correo electr\u00f3nico: <a class=\"decorated-link cursor-pointer\" rel=\"noopener\" data-start=\"2740\" data-end=\"2767\">contacto@compradordeoro.com<\/a><\/p><hr data-start=\"2771\" data-end=\"2774\" \/><h2 data-section-id=\"z6aa1x\" data-start=\"2776\" data-end=\"2824\"><span role=\"text\"><strong data-start=\"2779\" data-end=\"2824\">7. Uso de Cookies y Tecnolog\u00edas Similares<\/strong><\/span><\/h2><p data-start=\"2826\" data-end=\"2868\">Nuestro sitio puede utilizar cookies para:<\/p><ul data-start=\"2869\" data-end=\"2974\"><li data-section-id=\"n43pld\" data-start=\"2869\" data-end=\"2907\">Mejorar la experiencia del usuario<\/li><li data-section-id=\"1oytp0t\" data-start=\"2908\" data-end=\"2947\">Analizar comportamiento en el sitio<\/li><li data-section-id=\"36aesv\" data-start=\"2948\" data-end=\"2974\">Personalizar contenido<\/li><\/ul><p data-start=\"2976\" data-end=\"3043\">Puede deshabilitar cookies desde su navegador en cualquier momento.<\/p><hr data-start=\"3045\" data-end=\"3048\" \/><h2 data-section-id=\"4g7yeq\" data-start=\"3050\" data-end=\"3090\"><span role=\"text\"><strong data-start=\"3053\" data-end=\"3090\">8. Cambios al Aviso de Privacidad<\/strong><\/span><\/h2><p data-start=\"3092\" data-end=\"3219\">Nos reservamos el derecho de modificar este aviso en cualquier momento.<br data-start=\"3163\" data-end=\"3166\" \/>Los cambios ser\u00e1n publicados en este mismo sitio web.<\/p><hr data-start=\"3221\" data-end=\"3224\" \/><h2 data-section-id=\"rqvvwh\" data-start=\"3226\" data-end=\"3250\"><span role=\"text\"><strong data-start=\"3229\" data-end=\"3250\">9. Consentimiento<\/strong><\/span><\/h2><p data-start=\"3252\" data-end=\"3328\">Al utilizar nuestro sitio web, usted acepta el presente Aviso de Privacidad.<\/p>\t\t\t\t\t\t\t\t<\/div>\n\t\t\t\t\t<\/div>\n\t\t\t\t<\/div>\n\t\t\t\t<\/div>\n\t\t","protected":false},"excerpt":{"rendered":"<p>Tu Comprador Confiable de Metales Preciosos y Joyer\u00eda 1. Identidad del Responsable En cumplimiento con la legislaci\u00f3n aplicable en materia de protecci\u00f3n de datos personales, Comprador de Oro (en adelante \u201cel Responsable\u201d), con operaciones en Laredo, Texas; Nuevo Laredo, Tamaulipas; y Monterrey, Nuevo Le\u00f3n, es responsable del tratamiento de sus datos personales. 2. Datos Personales &#8230; <a title=\"Aviso de Privacidad\" class=\"read-more\" href=\"https:\/\/compradordeoro.com\/?page_id=3\" aria-label=\"Read more about Aviso de Privacidad\">Leer m\u00e1s<\/a><\/p>\n","protected":false},"author":1,"featured_media":0,"parent":0,"menu_order":0,"comment_status":"closed","ping_status":"closed","template":"elementor_header_footer","meta":{"footnotes":""},"class_list":["post-3","page","type-page","status-publish"],"_links":{"self":[{"href":"https:\/\/compradordeoro.com\/index.php?rest_route=\/wp\/v2\/pages\/3","targetHints":{"allow":["GET"]}}],"collection":[{"href":"https:\/\/compradordeoro.com\/index.php?rest_route=\/wp\/v2\/pages"}],"about":[{"href":"https:\/\/compradordeoro.com\/index.php?rest_route=\/wp\/v2\/types\/page"}],"author":[{"embeddable":true,"href":"https:\/\/compradordeoro.com\/index.php?rest_route=\/wp\/v2\/users\/1"}],"replies":[{"embeddable":true,"href":"https:\/\/compradordeoro.com\/index.php?rest_route=%2Fwp%2Fv2%2Fcomments&post=3"}],"version-history":[{"count":0,"href":"https:\/\/compradordeoro.com\/index.php?rest_route=\/wp\/v2\/pages\/3\/revisions"}],"wp:attachment":[{"href":"https:\/\/compradordeoro.com\/index.php?rest_route=%2Fwp%2Fv2%2Fmedia&parent=3"}],"curies":[{"name":"wp","href":"https:\/\/api.w.org\/{rel}","templated":true}]}}